
Calculate 12 + -16 + (-7 - -7 - -12).
8
What is the value of -27 + (-28 - -67) + 18?
30
Calculate -2 - -1 - (-103 + 115).
-13
Evaluate 1 - ((12 + -13 - (1 - 6)) + 1).
-4
Evaluate -9 - ((2 - ((-11 - -9) + -5)) + -7).
-11
What is (-12 - (-42 + 8)) + -12?
10
Calculate (4 - 12 - -10) + -1 + -4.
-3
-2 + -2 - (-7 + 3 - 4)
4
Calculate (-11 - 9) + 7 + 0 + -2.
-15
(0 + -6 - -10 - (-50 + 53)) + 11
12
What is the value of -9 - (-11 + 18 - (-1 + 2 - -7))?
-8
What is 8 + -1 + 0 + (-403 - -407)?
11
What is (-2 - 2) + (18 - 7)?
7
What is (-6 - 0) + 0 + 16 + -10?
0
Calculate (-16 - -6) + (20 - 20).
-10
What is the value of (-29 - (21 + -43)) + (-2 + 2 - -2)?
-5
Calculate -28 + (-21 + 27 - -18).
-4
Calculate -1 - -11 - (10 - (-12 + 20)).
8
Calculate -2 - -1 - -2 - (-11 + -5 - -16).
1
Evaluate (0 - -3) + -25 + (-57 - -61).
-18
Evaluate (-8 - (7 + -15 - 9)) + 2.
11
What is the value of (-5 - -6 - ((-1 - 3) + 2)) + -19?
-16
(374 - 356) + 0 + -15
3
What is the value of -6 + (-6 - -20) + 11 - 8?
11
Evaluate 3 - (-2 - -3) - (-101 - -127) - 6.
-30
What is the value of 75 + -69 + -1 + (0 - -8)?
13
Evaluate 21 - ((21 - -17) + -17).
0
What is the value of -355 - -374 - (1 - -21)?
-3
What is (-27 - (24 - 13)) + 29?
-9
(19 + -37 - -10) + 6
-2
(105 - 190 - -105) + (1 + 0 - -2)
23
Calculate 7 + (-5 - -6 - 9) - -3.
2
Calculate (34 - 9) + 2 + (-1 - (-4 - -2)).
28
-34 + -1 + -1478 + 1510
-3
Calculate 12 - (16 + -6) - 8 - -22.
16
What is 3 + (7 - (3 + -1)) + -3?
5
What is the value of (18 - -1) + (-3 + -2 - (149 - 149))?
14
Evaluate 1 + -5 + (-9 - -5) - (0 + -2).
-6
What is -51 + -10 + 34 + 18?
-9
3 + -3 + 16 + 7 - 9
14
What is the value of 14 - ((9 - (-21 - -14)) + -11)?
9
What is (15 - (4 - -6)) + 16?
21
What is the value of 1 - -13 - (-13 + 32)?
-5
Calculate 17 + (56 - (20 + 28)).
25
-11 - (-12 - (-1 + -8))
-8
What is 3 + 3 + -25 + 18?
-1
Calculate 41 + -42 + (0 - 5) + -2 + 1.
-7
Calculate -8 - (-31 - (18 - 30)).
11
Evaluate 19 - (-4 + (-1 - -18)).
6
16 + 7 + -13 + -9
1
What is 9 - (-7 - 2) - 20?
-2
Calculate -3 - -4 - (-1 - (1 - 6) - 2).
-1
-29 + 6 + 34 + -8 + 3
6
What is the value of 3 - (3 + 4 - -11)?
-15
What is the value of 1 - (-15 + 17 + 14 - -18)?
-33
Calculate 14 + (-19 - -39) - 25.
9
-6 - (-8 + 16 + -16)
2
What is the value of -8 - (21 - 11 - 16)?
-2
(14 - 15) + -1 + 3 + 2
3
Evaluate -18 - (0 + -1) - (3 - 8).
-12
What is (10 - (6 + -10 + 23)) + (51 - 2)?
40
What is (-25 - -19 - (-43 - -1)) + -15?
21
What is the value of (22 - (-15 + 35 - 18)) + 6?
26
Evaluate -36 - -34 - 27 - -50.
21
What is 9 + (1 - (-11 - -34))?
-13
0 + 3 + 8 + 2 + -6
7
What is the value of (3 - 2) + -2 + 13 + 3?
15
What is 2 + -10 - (1 - (21 + -2)) - 2?
8
What is the value of 14 + (-9 - 0) - -8?
13
What is -3 + (8 - -1 - 16) + 4?
-6
What is (2 - -7) + 10 - 39?
-20
What is the value of (6 - (-14 + 23)) + -4 + -11?
-18
Calculate 8 + (-2 + 5 - 11) - 5.
-5
What is (7 - (-1 + 1)) + -12 - 5?
-10
What is the value of (1 - 0 - 4) + -128 + 129 + 1?
-1
Evaluate -2 + 2 + 3 + 11 + 3 - -3.
20
What is -4 + (-21 + 8 + 6 - (2 - 4))?
-9
Evaluate -12 - (-5 + 0) - (-15 - 0).
8
Calculate (-14 + 3 - -16 - -6) + -7.
4
Calculate 2 + -14 - ((3 - -3 - 3) + -6).
-9
What is -33 + 39 - (3 - (6 + -16))?
-7
Evaluate (13 + -16 - (5 - 9)) + 1 + 4.
6
Evaluate 0 + (1 - (-12 + 8)) - -12.
17
What is the value of 80 + -88 + (1 - (1 - -2))?
-10
-6 + (7 - (4 + -6)) + -9
-6
What is the value of 21 + -32 + 10 + (9 - 1)?
7
What is the value of 2 + (-8 - (3 + 2 + -29))?
18
What is the value of (-17 - -18) + 2 + -1 + (-8 - 6)?
-12
What is (0 - -6) + 1 + 3?
10
What is 20 - ((-18 - -14 - 16) + 8)?
32
What is the value of -4 + 41 - (-2 + 46)?
-7
Evaluate -19 - (-10 + -1 - (-20 - -17)).
-11
Evaluate -13 - (1 - 8 - 9).
3
What is the value of -1 + 11 + 0 + (8 - (-10 + 21))?
7
What is the value of (-5 - 37) + ((6 - 0) + -2 - -6)?
-32
What is 9 + -31 - (-40 + 4)?
14
Evaluate 16 - (0 - (-5 + 11 - 3)) - 8.
11
What is 4 - ((8 - (7 - (10 - 2))) + -1)?
-4
3 + 10 + 15 + -22
6
What is the value of (-4 - (8 - 9)) + -5 + 4 + 7?
3
Evaluate -5 + 10 + (8 - 9 - 6) + -13.
-15
What is the value of 176 + -169 - (1 - -12)?
-6
What is -7 - (-21 + 68 + -25)?
-29
Evaluate (8 - (3 + 12)) + -4 + 11.
0
What is the value of (3 - -4) + 3 + -5 + 41 + -31?
15
Evaluate -8 - (4 - (4 + 0)) - -11.
3
What is -557 - -582 - (2 - 2)?
25
Calculate 36 + 0 + 885 + -931.
-10
Evaluate -3 + -1 + -14 + -7 + 16 - -32.
23
12 + (24 - 22 - (2 - 0)) - -1
13
Calculate 16 - (-10 + 68 + -20).
-22
Calculate 4 + 6 + -2 - (-15 - -7).
16
What is 11 - 23 - (-7 + -9) - 2?
2
10 + (-25 - -4) + 17
6
What is -10 - (18 + -23 + -11)?
6
What is the value of (30 - 37) + (-2 - 8) - -10?
-7
(-16 - (-4 + 1)) + -13 + 16 + -2
-12
-19 - (0 + (4 - 4) - (-79 - -72))
-26
Calculate -10 - -36 - 15 - (1 - 13).
23
-2 + -2 + 3 + 19 + -16
2
What is the value of -18 + -2 + (-10 - -1 - (-10 - -3))?
-22
5 - (1 - (8 - 9) - 5)
8
Calculate -15 + 30 + -8 + -10 + 14.
11
290 + -210 + 1 + -48
33
Evaluate -10 + (2 - (-14 + 20)).
-14
35 - (-18 - 0 - -80)
-27
Evaluate 149 - 155 - ((-3 - -2) + 1).
-6
(1 - -1) + -83 + 14 + 61
-6
Calculate (15 - (18 - -5)) + 16.
8
-194 + 187 + (1 + -1 - 0) - 8
-15
What is the value of -5 + (-18 - 12 - -12) - -7?
-16
Evaluate (1 - 8) + -2 + 24.
15
(16 - 0) + (-4 - -13 - 18)
7
Calculate 19 + 0 + -17 - -21.
23
-15 - (10 - (11 + 3))
-11
What is the value of (68 - 73) + (1 - -8)?
4
What is the value of -2 - (1 + -4 + 2 + -6 - -2)?
3
8 + -27 + 25 + -18
-12
What is -34 + -3 + -26 + 82?
19
What is the value of (0 + -4 - 7) + 2 + 4 + -1?
-6
1 + (-2 + (-1 - 0 - 4) - 2)
-8
Evaluate -2 + 11 + (-121 - -116) + (4 - 0).
8
-1 + -4 + 1 + 8 + -5
-1
Evaluate 0 + 0 - (21 + (20 - 41)).
0
(-1 - (-1 + -1)) + (8 - 12 - -2)
-1
Evaluate -30 + 9 - (0 - 10).
-11
Calculate (1 - (7 + -5)) + 2 + -13 + 11.
-1
What is -9 + 20 + (-3 - 0)?
8
What is (10 + 13 - -7) + -52?
-22
What is the value of (-6 - (6 + -26)) + 20?
34
What is -16 + (9 - -17) + -35?
-25
What is -1 + 1 + 18 - (20 - (3 - -11))?
12
What is the value of (0 - (2 + -7)) + -5?
0
Evaluate -43 - ((-15 - -31) + 2 - 21).
-40
What is 4 + -29 - ((0 - -8) + -9)?
-24
Calculate 6 - -6 - 7 - (-2 - 3 - 6).
16
Evaluate -8 + (14 - 2 - 6 - (5 - 1)).
-6
What is (33 - 12 - -16) + -48?
-11
Evaluate 31 + -41 + 10 + -10.
-10
What is -3 + 8 + 2 + -10?
-3
Calculate 14 + (-1 - 7) + -6 + -4 + 6.
2
Evaluate -25 + 37 + -19 + 25.
18
0 + (16 - (-4 + -2))
22
Calculate -12 - (2 + -2 + (-13 - -3 - -7)).
-9
11 - (36 + -27 - (-2 - -11))
11
Evaluate 42 + -2 - 38 - (-23 + 1).
24
What is the value of 6 + 4 + -3 + (-433 - -427)?
1
Evaluate -5 + 9 + -1 + 8 + -6.
5
Calculate 1 - (-10 + 5 - -4 - -15 - 0).
-13
Evaluate -29 - (25 - (11 - -27)).
-16
2 - (1 - (-4 - (3 + 0)))
-6
What is -3 - 3 - (5 + -1) - (7 + -2)?
-15
What is the value of ((3 - 3) + -7 - -4) + (-15 - -23)?
5
What is ((-1 - -7) + 0 - (-12 - -13)) + -1?
4
Evaluate 2 + (-2 - 0 - -5) + 8 + 6.
19
Calculate 0 + (20 - 2) + -5 + -6.
7
What is the value of 4 + 3 - (241 - 226)?
-8
What is the value of -11 + (14 - -22) + -15?
10
Calculate ((-21 - -21) + -2 + 0 - 4) + -2.
-8
Evaluate 7 + (-4 + 3 - 5) + 3 - -7.
11
Evaluate 96 + -99 - (-8 + -13).
18
What is -3 - (2 - (5 - (5 - 6)))?
1
What is the value of (-29 + 16 - -9) + (-1 - -10)?
5
Calculate 26 + (-16 + 33 - 28).
15
Evaluate (-18 - (-10 - -12)) + 13.
-7
Evaluate -18 - -3 - (4 + -14 + 0).
-5
-20 + (-6 - -24) + 2 + (-10 - 3)
-13
Calculate 3 - (11 + 4 + -9) - -4.
1
Evaluate -29 - (3 - 21) - -5.
-6
What is 91 + -87 - (-10 + 0)?
14
Evaluate 2 + (-4 + 2 - 6) + 15 + -26.
-17
What is (-2 - (-11 + 6 + -2)) + 5?
10
What is the value of -29 + 30 - (8 - 0)?
-7
Calculate 3 + -7 + (-4 + 2 - -19 - 1).
12
Calculate 45 - (-58 - -84 - (12 + -1)).
30
What is the value of 29 + (28 - 52) + (-3 - -1)?
3
Evaluate (-2 - -7 - (1 - 2)) + (12 - 17).
1
What is -29 + -2 + (-89 - -106)?
-14
Calculate 9 + 6 + 42 + -46.
11
-68 + 81 + -8 + 4 + 9
18
What is (-1 - 0) + -2 + -9 + (-60 - -70)?
-2
Calculate -6 + (3 - (7 + -11)) - 4.
-3
Evaluate -22 + 20 + 21 - 21.
-2
What is the value of 0 + 20 + (83 - (53 + 45))?
5
Evaluate 9 + 4 - -3 - (2 + 1).
13
Evaluate (-4 + 14 - (2 - -3)) + 3 + 2.
10
26 + -29 + 2 + (2 - 4) - 11
-14
47 + -24 + (4 - 7)
20
(47 - 23) + -2 + -12
10
What is 37 - (-41 - -72 - 13)?
19
What is 10 - (-3 + 7) - (2 - 2 - -1)?
5
Wha